ist the prime factors of 72255.
3, 5, 4817
What are the prime factors of 804?
2, 3, 67
List the prime factors of 41102.
2, 20551
What are the prime factors of 8474?
2, 19, 223
What are the prime factors of 8092?
2, 7, 17
What are the prime factors of 16342?
2, 8171
What are the prime factors of 809?
809
What are the prime factors of 4206?
2, 3, 701
What are the prime factors of 6733?
6733
What are the prime factors of 275?
5, 11
What are the prime factors of 2765?
5, 7, 79
What are the prime factors of 91161?
3, 7, 1447
What are the prime factors of 11516?
2, 2879
List the prime factors of 25667.
25667
What are the prime factors of 37?
37
List the prime factors of 1379.
7, 197
What are the prime factors of 4919?
4919
List the prime factors of 2076.
2, 3, 173
What are the prime factors of 3653?
13, 281
List the prime factors of 150970.
2, 5, 31, 487
List the prime factors of 6082.
2, 3041
List the prime factors of 666.
2, 3, 37
What are the prime factors of 5594?
2, 2797
List the prime factors of 24880.
2, 5, 311
List the prime factors of 1044.
2, 3, 29
What are the prime factors of 1450?
2, 5, 29
What are the prime factors of 2981?
11, 271
What are the prime factors of 9849?
3, 7, 67
What are the prime factors of 28705?
5, 5741
What are the prime factors of 143813?
143813
What are the prime factors of 2414?
2, 17, 71
What are the prime factors of 2436?
2, 3, 7, 29
What are the prime factors of 21368?
2, 2671
List the prime factors of 20543.
20543
What are the prime factors of 42?
2, 3, 7
What are the prime factors of 149831?
11, 53, 257
List the prime factors of 4249.
7, 607
List the prime factors of 245.
5, 7
List the prime factors of 25695.
3, 5, 571
List the prime factors of 5136.
2, 3, 107
What are the prime factors of 46019?
17, 2707
What are the prime factors of 2516?
2, 17, 37
What are the prime factors of 28016?
2, 17, 103
List the prime factors of 18969.
3, 6323
List the prime factors of 15880.
2, 5, 397
What are the prime factors of 2537?
43, 59
List the prime factors of 127202.
2, 63601
List the prime factors of 666.
2, 3, 37
What are the prime factors of 22704?
2, 3, 11, 43
What are the prime factors of 8913?
3, 2971
What are the prime factors of 7356?
2, 3, 613
List the prime factors of 3231.
3, 359
What are the prime factors of 13861?
83, 167
What are the prime factors of 58039?
127, 457
List the prime factors of 1005.
3, 5, 67
What are the prime factors of 41554?
2, 79, 263
List the prime factors of 688.
2, 43
What are the prime factors of 60029?
60029
What are the prime factors of 12294?
2, 3, 683
List the prime factors of 79.
79
List the prime factors of 6042.
2, 3, 19, 53
What are the prime factors of 19295?
5, 17, 227
List the prime factors of 45164.
2, 7, 1613
What are the prime factors of 2887?
2887
What are the prime factors of 7178?
2, 37, 97
List the prime factors of 129.
3, 43
List the prime factors of 4137.
3, 7, 197
List the prime factors of 10227.
3, 7, 487
List the prime factors of 24251.
24251
What are the prime factors of 172?
2, 43
List the prime factors of 48264.
2, 3, 2011
List the prime factors of 23384.
2, 37, 79
What are the prime factors of 60413?
60413
What are the prime factors of 2279?
43, 53
What are the prime factors of 4929?
3, 31, 53
What are the prime factors of 16869?
3, 5623
List the prime factors of 37010.
2, 5, 3701
What are the prime factors of 35096?
2, 41, 107
List the prime factors of 10214.
2, 5107
List the prime factors of 76561.
76561
List the prime factors of 44172.
2, 3, 409
What are the prime factors of 22534?
2, 19, 593
List the prime factors of 2274.
2, 3, 379
What are the prime factors of 6305?
5, 13, 97
What are the prime factors of 3882?
2, 3, 647
List the prime factors of 23073.
3, 7691
List the prime factors of 3797.
3797
What are the prime factors of 235?
5, 47
List the prime factors of 19693.
47, 419
What are the prime factors of 1025?
5, 41
What are the prime factors of 1445?
5, 17
What are the prime factors of 1934?
2, 967
List the prime factors of 36660.
2, 3, 5, 13, 47
List the prime factors of 11378.
2, 5689
What are the prime factors of 1663?
1663
List the prime factors of 2184.
2, 3, 7, 13
What are the prime factors of 33871?
33871
List the prime factors of 25524.
2, 3, 709
What are the prime factors of 929?
929
List the prime factors of 42330.
2, 3, 5, 17, 83
What are the prime factors of 4421?
4421
List the prime factors of 1694.
2, 7, 11
What are the prime factors of 1992?
2, 3, 83
What are the prime factors of 4603?
4603
List the prime factors of 65788.
2, 16447
List the prime factors of 2289.
3, 7, 109
What are the prime factors of 78553?
78553
List the prime factors of 13490.
2, 5, 19, 71
What are the prime factors of 9357?
3, 3119
List the prime factors of 15101.
15101
List the prime factors of 647.
647
What are the prime factors of 3407?
3407
List the prime factors of 91097.
91097
List the prime factors of 5532.
2, 3, 461
List the prime factors of 3384.
2, 3, 47
List the prime factors of 23210.
2, 5, 11, 211
What are the prime factors of 16194?
2, 3, 2699
List the prime factors of 6233.
23, 271
What are the prime factors of 27473?
83, 331
List the prime factors of 20639.
20639
List the prime factors of 5048.
2, 631
What are the prime factors of 733?
733
List the prime factors of 2576.
2, 7, 23
What are the prime factors of 1426?
2, 23, 31
List the prime factors of 441.
3, 7
List the prime factors of 39323.
39323
List the prime factors of 3522.
2, 3, 587
List the prime factors of 808.
2, 101
What are the prime factors of 7243?
7243
What are the prime factors of 46929?
3, 15643
List the prime factors of 3020.
2, 5, 151
What are the prime factors of 15109?
29, 521
What are the prime factors of 31821?
3, 10607
List the prime factors of 748.
2, 11, 17
What are the prime factors of 3802?
2, 1901
List the prime factors of 122750.
2, 5, 491
List the prime factors of 37972.
2, 11, 863
List the prime factors of 1528.
2, 191
List the prime factors of 30765.
3, 5, 7, 293
What are the prime factors of 4988?
2, 29, 43
What are the prime factors of 2766?
2, 3, 461
List the prime factors of 48544.
2, 37, 41
What are the prime factors of 3455?
5, 691
What are the prime factors of 13775?
5, 19, 29
What are the prime factors of 1373?
1373
List the prime factors of 1481.
1481
What are the prime factors of 710?
2, 5, 71
List the prime factors of 6659.
6659
What are the prime factors of 777?
3, 7, 37
What are the prime factors of 2228?
2, 557
List the prime factors of 820.
2, 5, 41
What are the prime factors of 575?
5, 23
List the prime factors of 217.
7, 31
What are the prime factors of 2424?
2, 3, 101
What are the prime factors of 1602?
2, 3, 89
List the prime factors of 3747.
3, 1249
List the prime factors of 1357.
23, 59
List the prime factors of 61020.
2, 3, 5, 113
List the prime factors of 1152.
2, 3
What are the prime factors of 20400?
2, 3, 5, 17
List the prime factors of 98323.
98323
List the prime factors of 5617.
41, 137
List the prime factors of 11257.
11257
List the prime factors of 27.
3
List the prime factors of 7055.
5, 17, 83
List the prime factors of 5246.
2, 43, 61
What are the prime factors of 143582?
2, 17, 41, 103
What are the prime factors of 770?
2, 5, 7, 11
List the prime factors of 3608.
2, 11, 41
List the prime factors of 367.
367
List the prime factors of 68208.
2, 3, 7, 29
What are the prime factors of 55769?
7, 31, 257
What are the prime factors of 1179?
3, 131
What are the prime factors of 29447?
11, 2677
List the prime factors of 73444.
2, 7, 43, 61
What are the prime factors of 63185?
5, 12637
What are the prime factors of 673?
673
List the prime factors of 8180.
2, 5, 409
List the prime factors of 1378.
2, 13, 53
List the prime factors of 2158.
2, 13, 83
List the prime factors of 6684.
2, 3, 557
List the prime factors of 13069.
7, 1867
List the prime factors of 3360.
2, 3, 5, 7
What are the prime factors of 59459?
37, 1607
List the prime factors of 994.
2, 7, 71
What are the prime factors of 433?
433
What are the prime factors of 79220?
2, 5, 17, 233
List the prime factors of 11658.
2, 3, 29, 67
List the prime factors of 1014.
2, 3, 13
What are the prime factors of 13179?
3, 23, 191
What are the prime factors of 61308?
2, 3, 13, 131
List the pr